rs of -3 + 4 - (a + d).
3
Suppose 94 = 4*b + 5*t, -5*t - 126 = -3*b - 38. List the prime factors of b.
2, 13
Let t = 0 - -1. List the prime factors of (t - -21)/(2/1).
11
Let h(z) = z + 5. Suppose 4*n + 5*f - 48 = 19, 0 = -2*n + f + 23. Let a = n - 8. List the prime factors of h(a).
2, 5
Suppose -57*s + 59*s - 830 = 0. What are the prime factors of s?
5, 83
Let o(p) = 2*p**2 + 6*p + 2. Let q be o(-4). Suppose k - 3*c = 13, -4*k - 4*c = -q - 74. What are the prime factors of k?
19
Let o = 8 - 3. Suppose -6 - 14 = -o*j. Suppose 3*z + 5*t - 43 = 0, -z + 9 = j*t - 17. List the prime factors of z.
2, 3
Let l = -9 + 6. Let j = l + 6. Suppose 3*h = -15, 0*h = -j*v - 3*h + 30. List the prime factors of v.
3, 5
Let g = -11 + 23. Let q be g/30 - (-33)/5. Suppose q = m - 0. List the prime factors of m.
7
Let j be (-3)/3 + (-2)/(-2). Suppose 4*i = -3*z + 34, j = 2*z + 2*i - 18 - 6. List the prime factors of z.
2, 7
Let c(r) = -r**3 + 4*r**2 - 3*r + 4. Let d be c(3). Let l(u) = u**3 - 2*u**2 - 7*u + 5. What are the prime factors of l(d)?
3
Suppose 6 = 3*v - 6. Suppose -41 = -5*z + v. List the prime factors of z.
3
Let c(f) = f**3 - 11*f**2 + 11*f + 9. Let r be (-48)/(-5) - (-14)/35. List the prime factors of c(r).
19
Let a(w) be the second derivative of w**5/4 + w**4/12 + w**3/6 - 2*w**2 + 6*w. What are the prime factors of a(2)?
2, 3, 7
Let k(h) = 16*h**3 - 3*h**2 - 2*h - 2. Let s be k(-6). Let l be s/(-10) + 6/(-15). What are the prime factors of l/20 - 1/(-4)?
2, 3
Suppose 4*y = -5*j + 38, 4*j + 5*y = y + 32. Suppose 5*v - 2*v = j. Suppose 0*b - 26 = -v*b. What are the prime factors of b?
13
Let g = -15 - -31. Suppose -a + g = 5*w + a, 4*w + 4*a - 20 = 0. Suppose -w = -q + 1. List the prime factors of q.
3
Let j = 61 + -42. List the prime factors of j.
19
Let w = 10 + 8. Suppose -w = -4*k + 14. What are the prime factors of k?
2
Let d(s) = -7*s**3 + 4*s**2 + s - 3. Let o(t) = 3*t**2 - 3 + t + 1 - 6*t**3 + 0*t**3. Let n(k) = -5*d(k) + 6*o(k). List the prime factors of n(-3).
3
Let b = 8 - -11. List the prime factors of b.
19
Suppose 26 = 5*x - 14. What are the prime factors of x?
2
Suppose -3*o - 10 = -5*p + p, -2*p - 2 = -5*o. Let h(m) be the first derivative of 5*m**2/2 + 2*m + 3. What are the prime factors of h(o)?
2, 3
Let j be 3/(9/(-12))*-1. Suppose 0*a = 3*s + j*a + 4, a + 8 = s. What are the prime factors of s?
2
Suppose 0 = -2*l + 6*j - 3*j + 69, -5*j = 4*l - 127. List the prime factors of l.
3, 11
Let r(k) = -3*k - 3 + 0*k - 3. What are the prime factors of r(-5)?
3
Let j(h) = h**3 + 6*h**2 - 3*h + 2. Let y be j(-6). Suppose -5*d = -50 + y. What are the prime factors of d?
2, 3
Let n = -4 - -16. Let h = n - 2. List the prime factors of h.
2, 5
Suppose 0 = -0*o + 4*o - 168. List the prime factors of o.
2, 3, 7
Suppose -4*g + 3*v = 58, v = -0*v - 2. Let k be g/(-10)*15/6. Suppose 0 = k*q + 4*s - 64, -s + 4 - 2 = 0. What are the prime factors of q?
2, 7
Let k be (-5 - -4)*(0 - -15). Suppose -4*h = 4*q, -h = h - 8. What are the prime factors of (q/5)/(6/k)?
2
Let z(i) be the second derivative of -i**4/12 - 5*i**3/6 + i**2 - 5*i. List the prime factors of z(-5).
2
Let g = 9 + -3. What are the prime factors of (g - 4)/(4/14)?
7
Let c = -2 + 2. Suppose 3*g - 4*t - 36 = c, -3*g + 5*t = 2*t - 39. What are the prime factors of g?
2
Suppose 0 = -5*v + 3 - 23. Let i = -6 - v. List the prime factors of 8 + i*2/4.
7
Let c(z) = 2*z**2 - 2*z - 1. Let n be ((-6)/5)/((-6)/15). List the prime factors of c(n).
11
Suppose 0*v = -4*v + 64. Let a be (-49)/(-21) + 1/(-3). Suppose v = 2*s + a. List the prime factors of s.
7
Suppose -111 = 2*p - 0*p + 3*a, -3*p + 4*a - 141 = 0. Let y = 79 + p. List the prime factors of (3/(-2))/((-6)/y).
7
Let i be (3/(-2))/(9/(-24)). Suppose -i*t = -2*t + 8. What are the prime factors of (-6)/(-3)*t*-1?
2
Let x(j) = j**2 + j + 2. Let t be x(-2). Suppose -t*i + 32 + 88 = 0. Let u = i + -16. What are the prime factors of u?
2, 7
Let r be -7*2*9/(-6). List the prime factors of r + 2 + -1 + 0.
2, 11
Let v(l) = 37*l**3 - l. Let b be v(1). Suppose 2*z - 5*z + b = 0. What are the prime factors of z?
2, 3
What are the prime factors of ((-10)/15)/((-2)/126)?
2, 3, 7
Let m(i) = -i**3 - i**2 - 1. Let h be m(0). What are the prime factors of (0 - h)*(-16)/(-1)?
2
Let v = 0 + -2. List the prime factors of v + (8 - (-2 - -4)).
2
List the prime factors of ((-455)/(-21))/((-2)/(-6)).
5, 13
Suppose 0 = 2*i + 3*i + 15, -15 = 3*a + 5*i. Suppose a = q + 4*q - 55. What are the prime factors of q?
11
Let o(n) = n**3 + 8*n**2 + 7*n - 1. Let y be o(-5). Suppose -y = -3*f - d, 5*d = -6 - 9. List the prime factors of 7/7 + -1 + f.
2, 7
Suppose -4*r + 10 = 22. Let w(u) = -3*u**2 + 3*u + 1. Let g(h) = h**2 - h. Let s(c) = -2*g(c) - w(c). List the prime factors of s(r).
11
Let c(m) = m**3 + 8*m**2 + 6*m - 6. Let x be c(-7). List the prime factors of -1 + (20 + x - 2).
2, 3
Suppose -3*d = 4*o - 134, 4*d + 68 = 4*o - 52. What are the prime factors of o?
2
Suppose 0 = -j - 0*j + 2, 0 = -2*v - 3*j + 250. Suppose 3*b = v + 160. Suppose 3 - 14 = -o - 3*w, -5*o + b = 2*w. List the prime factors of o.
2, 5
Suppose 0*n - 5*n + 105 = -2*z, 0 = -2*n + 4*z + 26. Let b = n - 40. Let h = 32 + b. What are the prime factors of h?
3, 5
Suppose -2*x = 4*x - 144. List the prime factors of x.
2, 3
Let j(i) = i - 8. Let k be j(10). Suppose k*t + 55 = 5*l - t, -t - 22 = -2*l. What are the prime factors of l?
11
Suppose -3*x + 0 - 8 = 4*q, 0 = x - 2*q - 14. List the prime factors of x.
2
Suppose n - 8 = -s, s + 2*s - 2*n = 29. Suppose -2*q + q = -s. What are the prime factors of q?
3
Let b = -2 - 2. Let q = b + 6. What are the prime factors of q?
2
Let g(h) = -3*h**3 - 3*h - 5. Let p(a) = a**3 + a + 3. Let y(d) = 2*g(d) + 5*p(d). List the prime factors of y(0).
5
Suppose 146 = 5*h + 3*z, 3*h - 2*h + 5*z = 16. Let t = h - 13. What are the prime factors of t?
2, 3
Suppose -2*p + p + 24 = 0. Suppose n + 4*u - p = 1, 2*u = 2*n. What are the prime factors of n?
5
Suppose 2*z = -0*z + 26. Let g = z + -3. Suppose g = 2*s - 4*b + 5*b, -11 = -s - 2*b. List the prime factors of s.
3
Let o(g) = -g**2 - g - 8. Let v be o(0). Let i = 29 + v. Suppose -3 = y + 4*w - i, y = -5*w + 22. What are the prime factors of y?
2
Suppose 2*u - 368 = -2*u + n, u = -2*n + 101. List the prime factors of u.
3, 31
Let g(p) = -p**2 + 2. Let o be g(2). Let l(a) = 3*a**2 - a + 6. Let i(u) = -2*u**2 - 5. Let m(j) = 4*i(j) + 3*l(j). What are the prime factors of m(o)?
2
Suppose -3*f = -7*f, -w + 5*f + 70 = 0. List the prime factors of w.
2, 5, 7
Let h be (4/6)/((-12)/54). Let u = 0 - h. What are the prime factors of u?
3
Let g be (0 + 1)/(13 - 12). Suppose 4*t = -g + 17, 3*t = -2*y + 44. What are the prime factors of y?
2
Let j(a) be the third derivative of 0 + 0*a + 5/24*a**4 - 1/2*a**3 - 2*a**2 + 1/30*a**5. List the prime factors of j(-4).
3
Let s(c) = -c**3 + 3*c**2 - c + 1. Let b = 0 - -2. Let n be s(b). Suppose -2*q = -19 - n. List the prime factors of q.
11
Let l be (-3 + -16)/((-2)/(-4)). What are the prime factors of 2/(-4) + l/(-4)?
3
Let r = -11 + 7. Let c = 16 - r. List the prime factors of c.
2, 5
Let y(u) = -2 + 4 + 5*u + 0 - 1. What are the prime factors of y(3)?
2
Let f = 11 + -4. Let x = -8 + f. Let i = x - -4. What are the prime factors of i?
3
Suppose 0 = -4*f + 927 - 43. What are the prime factors of f?
13, 17
Suppose 0*i + 36 = 3*i. Suppose 4*w - i - 48 = 0. What are the prime factors of w?
3, 5
Let g be (12/(-20))/((-1)/10). Let q = 13 - g. Let z(j) = j + 3. List the prime factors of z(q).
2, 5
Suppose -14*b + 18*b = 388. List the prime factors of b.
97
Let i be (-3)/6*(0 - 2). Suppose -i = -2*x + 3. List the prime factors of x.
2
Suppose 0 = -3*r + r - 26. Let d be 4 - 1 - (17 - -11). Let y = r - d. List the prime factors of y.
2, 3
Suppose -33 - 107 = -5*l. What are the prime factors of l?
2, 7
Let m(d) = d + 1. Let z be m(2). Suppose z*v - 5*v + 10 = 0. Suppose 0 = v*r - 42 - 3. List the prime factors of r.
3
Suppose -55 = 3*x - 310. What are the prime factors of x?
5, 17
Let c = 5 - 5. Suppose c = 5*q, -2*m - 2*m + 52 = -3*q. List the prime factors of m.
13
Suppose 2*u - 24 = 6*u. What are the prime factors of (u/3)/((-3)/45)?
2, 3, 5
Let s be (-1)/(-2) - (-236)/8. Let c = s - 20. List the pri